{"id":354,"date":"2025-11-16T23:25:42","date_gmt":"2025-11-16T20:25:42","guid":{"rendered":"https:\/\/talhacamas.com.tr\/?page_id=354"},"modified":"2025-12-17T20:26:32","modified_gmt":"2025-12-17T17:26:32","slug":"basinda","status":"publish","type":"page","link":"https:\/\/talhacamas.com.tr\/en\/basinda\/","title":{"rendered":"Bas\u0131nda"},"content":{"rendered":"<h2 class=\"wp-block-heading\">Bas\u0131nda PUSULA<br><\/h2>\n\n\n\n<p><\/p>\n\n\n\n<p><\/p>\n\n\n\n<p><strong>TUR\u0130ZM AKT\u00dcEL &#8211; TALHA \u00c7AMA\u015e K\u0130MD\u0130R<\/strong><\/p>\n\n\n\n<ul class=\"wp-block-list\">\n<li><a href=\"https:\/\/www.turizmguncel.com\/editor\/talha-camas-kimdir\">https:\/\/www.turizmguncel.com\/editor\/talha-camas-kimdir<\/a><br><br><br>TUR\u0130ZM YAZARLARI PLATFORMU<\/li>\n\n\n\n<li><a href=\"https:\/\/www.turizmgazetesi.com\/haber\/gitmeyi-bilen-adam\/90376\">ht<\/a><a href=\"https:\/\/www.facebook.com\/share\/p\/1R7xtctPZq\/\">https:\/\/www.facebook.com\/share\/p\/1R7xtctPZq\/<\/a><br><br>TUR\u0130ZM GAZETES<\/li>\n\n\n\n<li><a href=\"https:\/\/www.turizmgazetesi.com\/haber\/gitmeyi-bilen-adam\/90376\">https:\/\/www.turizmgazetesi.com\/haber\/gitmeyi-bilen-adam\/90376<\/a><br><br>GAZETE PENCERE<\/li>\n\n\n\n<li><a href=\"https:\/\/www.gazetepencere.com\/yazarlar\/gitmeyi-bilen-adam-680476h\">https:\/\/www.gazetepencere.com\/yazarlar\/gitmeyi-bilen-adam-680476h<\/a><br><br>OKS\u0130JEN<\/li>\n\n\n\n<li><a href=\"https:\/\/gazeteoksijen.com\/o2\/turk-turizmci-ve-is-insani-talha-camastan-yeni-kitap-pusula-257139\">https:\/\/gazeteoksijen.com\/o2\/turk-turizmci-ve-is-insani-talha-camastan-yeni-kitap-pusula-257139<\/a><br><br>TUR\u0130ZM AKT\u00dcEL<\/li>\n\n\n\n<li><a href=\"https:\/\/www.turizmaktuel.com\/haber\/talha-camas-in-turizmde-zor-yillarin-sessiz-tanigi-isimli-kitabi-cikti\">https:\/\/www.turizmaktuel.com\/haber\/talha-camas-in-turizmde-zor-yillarin-sessiz-tanigi-isimli-kitabi-cikti<\/a><br><br>TUR\u0130ZM YATIRIM HABER<\/li>\n\n\n\n<li><a href=\"https:\/\/turizmyatirimhaber.com\/turizmde-zor-yillarin-sessiz-tanigi-talha-camas\/\">https:\/\/turizmyatirimhaber.com\/turizmde-zor-yillarin-sessiz-tanigi-talha-camas\/<\/a><br><br>RESTO GASTRONOMY \u00a7 TOURISM WORLD<\/li>\n\n\n\n<li><a href=\"https:\/\/www.restorankuruyorum.com\/talha-camasin-kaleminden-pusula-zor-yillarin-sessiz-tanigi\/\">https:\/\/www.restorankuruyorum.com\/talha-camasin-kaleminden-pusula-zor-yillarin-sessiz-tanigi\/<\/a><\/li>\n<\/ul>\n\n\n\n<p class=\"has-text-align-left\">          GAZETEPENCERE&#8217;de \u0130mza G\u00fcn\u00fc haberi<\/p>\n\n\n\n<ul class=\"wp-block-list\">\n<li><a href=\"https:\/\/www.gazetepencere.com\/genel\/pusula-turizmde-zor-yillarin-sessiz-tanigi-okurla-bulusuyor-682926h\">https:\/\/www.gazetepencere.com\/genel\/pusula-turizmde-zor-yillarin-sessiz-tanigi-okurla-bulusuyor-682926h<\/a><\/li>\n<\/ul>\n\n\n\n<p>TUR\u0130ZM GAZETES\u0130<br> <a href=\"https:\/\/www.turizmgazetesi.com\/haber\/talha-camas-sorunlari-bazen-muzakere-bazen-de-mucadeleyle-astik\/90767?utm_source=ExtraRenk-AWSSES&amp;utm_medium=EPosta_Gonderim&amp;utm_campaign=turizm-gazetesi-gunluk-bulten-iyi-aksamlar&amp;utm_content=linkclick\">\u0130MZA G\u00dcN\u00dc HABER<\/a><br><\/p>\n\n\n\n<p><\/p>\n\n\n\n<p><\/p>\n\n\n\n<p><\/p>\n\n\n\n<p><\/p>","protected":false},"excerpt":{"rendered":"<p>Bas\u0131nda PUSULA TUR\u0130ZM AKT\u00dcEL &#8211; TALHA \u00c7AMA\u015e K\u0130MD\u0130R GAZETEPENCERE&#8217;de \u0130mza G\u00fcn\u00fc haberi TUR\u0130ZM GAZETES\u0130 \u0130MZA G\u00dcN\u00dc HABER<\/p>","protected":false},"author":1,"featured_media":0,"parent":0,"menu_order":0,"comment_status":"closed","ping_status":"closed","template":"","meta":{"footnotes":""},"class_list":["post-354","page","type-page","status-publish","hentry"],"jetpack_sharing_enabled":true,"_links":{"self":[{"href":"https:\/\/talhacamas.com.tr\/en\/wp-json\/wp\/v2\/pages\/354","targetHints":{"allow":["GET"]}}],"collection":[{"href":"https:\/\/talhacamas.com.tr\/en\/wp-json\/wp\/v2\/pages"}],"about":[{"href":"https:\/\/talhacamas.com.tr\/en\/wp-json\/wp\/v2\/types\/page"}],"author":[{"embeddable":true,"href":"https:\/\/talhacamas.com.tr\/en\/wp-json\/wp\/v2\/users\/1"}],"replies":[{"embeddable":true,"href":"https:\/\/talhacamas.com.tr\/en\/wp-json\/wp\/v2\/comments?post=354"}],"version-history":[{"count":15,"href":"https:\/\/talhacamas.com.tr\/en\/wp-json\/wp\/v2\/pages\/354\/revisions"}],"predecessor-version":[{"id":449,"href":"https:\/\/talhacamas.com.tr\/en\/wp-json\/wp\/v2\/pages\/354\/revisions\/449"}],"wp:attachment":[{"href":"https:\/\/talhacamas.com.tr\/en\/wp-json\/wp\/v2\/media?parent=354"}],"curies":[{"name":"wp","href":"https:\/\/api.w.org\/{rel}","templated":true}]}}

Basında

<h2 class="wp-block-heading">Basında PUSULA<br></h2>



<p></p>



<p></p>



<p><strong>TURİZM AKTÜEL &#8211; TALHA ÇAMAŞ KİMDİR</strong></p>



<ul class="wp-block-list">
<li><a href="https://www.turizmguncel.com/editor/talha-camas-kimdir">https://www.turizmguncel.com/editor/talha-camas-kimdir</a><br><br><br>TURİZM YAZARLARI PLATFORMU</li>



<li><a href="https://www.turizmgazetesi.com/haber/gitmeyi-bilen-adam/90376">ht</a><a href="https://www.facebook.com/share/p/1R7xtctPZq/">https://www.facebook.com/share/p/1R7xtctPZq/</a><br><br>TURİZM GAZETES</li>



<li><a href="https://www.turizmgazetesi.com/haber/gitmeyi-bilen-adam/90376">https://www.turizmgazetesi.com/haber/gitmeyi-bilen-adam/90376</a><br><br>GAZETE PENCERE</li>



<li><a href="https://www.gazetepencere.com/yazarlar/gitmeyi-bilen-adam-680476h">https://www.gazetepencere.com/yazarlar/gitmeyi-bilen-adam-680476h</a><br><br>OKSİJEN</li>



<li><a href="https://gazeteoksijen.com/o2/turk-turizmci-ve-is-insani-talha-camastan-yeni-kitap-pusula-257139">https://gazeteoksijen.com/o2/turk-turizmci-ve-is-insani-talha-camastan-yeni-kitap-pusula-257139</a><br><br>TURİZM AKTÜEL</li>



<li><a href="https://www.turizmaktuel.com/haber/talha-camas-in-turizmde-zor-yillarin-sessiz-tanigi-isimli-kitabi-cikti">https://www.turizmaktuel.com/haber/talha-camas-in-turizmde-zor-yillarin-sessiz-tanigi-isimli-kitabi-cikti</a><br><br>TURİZM YATIRIM HABER</li>



<li><a href="https://turizmyatirimhaber.com/turizmde-zor-yillarin-sessiz-tanigi-talha-camas/">https://turizmyatirimhaber.com/turizmde-zor-yillarin-sessiz-tanigi-talha-camas/</a><br><br>RESTO GASTRONOMY § TOURISM WORLD</li>



<li><a href="https://www.restorankuruyorum.com/talha-camasin-kaleminden-pusula-zor-yillarin-sessiz-tanigi/">https://www.restorankuruyorum.com/talha-camasin-kaleminden-pusula-zor-yillarin-sessiz-tanigi/</a></li>
</ul>



<p class="has-text-align-left">          GAZETEPENCERE&#8217;de İmza Günü haberi</p>



<ul class="wp-block-list">
<li><a href="https://www.gazetepencere.com/genel/pusula-turizmde-zor-yillarin-sessiz-tanigi-okurla-bulusuyor-682926h">https://www.gazetepencere.com/genel/pusula-turizmde-zor-yillarin-sessiz-tanigi-okurla-bulusuyor-682926h</a></li>
</ul>



<p>TURİZM GAZETESİ<br> <a href="https://www.turizmgazetesi.com/haber/talha-camas-sorunlari-bazen-muzakere-bazen-de-mucadeleyle-astik/90767?utm_source=ExtraRenk-AWSSES&amp;utm_medium=EPosta_Gonderim&amp;utm_campaign=turizm-gazetesi-gunluk-bulten-iyi-aksamlar&amp;utm_content=linkclick">İMZA GÜNÜ HABER</a><br></p>



<p></p>



<p></p>



<p></p>



<p></p>

<p>Basında PUSULA TURİZM AKTÜEL &#8211; TALHA ÇAMAŞ KİMDİR GAZETEPENCERE&#8217;de İmza Günü haberi TURİZM GAZETESİ İMZA GÜNÜ HABER</p>
